[INFO] cloning repository https://github.com/snoyberg/sortasecret
[INFO] running `Command { std: "git" "-c" "credential.helper=" "-c" "credential.helper=/workspace/cargo-home/bin/git-credential-null" "clone" "--bare" "https://github.com/snoyberg/sortasecret" "/workspace/cache/git-repos/https%3A%2F%2Fgithub.com%2Fsnoyberg%2Fsortasecret", kill_on_drop: false }`
[INFO] [stderr] Cloning into bare repository '/workspace/cache/git-repos/https%3A%2F%2Fgithub.com%2Fsnoyberg%2Fsortasecret'...
[INFO] running `Command { std: "git" "rev-parse" "HEAD", kill_on_drop: false }`
[INFO] [stdout] 4b1c58df6e1dbe7d100cf09d495091763b8bb160
[INFO] building snoyberg/sortasecret against master#881c1ac408d93bb7adaa3a51dabab9266e82eee8 for issue-85264
[INFO] running `Command { std: "git" "clone" "/workspace/cache/git-repos/https%3A%2F%2Fgithub.com%2Fsnoyberg%2Fsortasecret" "/workspace/builds/worker-6/source", kill_on_drop: false }`
[INFO] [stderr] Cloning into '/workspace/builds/worker-6/source'...
[INFO] [stderr] done.
[INFO] validating manifest of git repo https://github.com/snoyberg/sortasecret on toolchain 881c1ac408d93bb7adaa3a51dabab9266e82eee8
[INFO] running `Command { std: "/workspace/cargo-home/bin/cargo" "+881c1ac408d93bb7adaa3a51dabab9266e82eee8" "metadata" "--manifest-path" "Cargo.toml" "--no-deps", kill_on_drop: false }`
[INFO] removed /workspace/builds/worker-6/source/rust-toolchain
[INFO] started tweaking git repo https://github.com/snoyberg/sortasecret
[INFO] finished tweaking git repo https://github.com/snoyberg/sortasecret
[INFO] tweaked toml for git repo https://github.com/snoyberg/sortasecret written to /workspace/builds/worker-6/source/Cargo.toml
[INFO] crate git repo https://github.com/snoyberg/sortasecret already has a lockfile, it will not be regenerated
[INFO] running `Command { std: "/workspace/cargo-home/bin/cargo" "+881c1ac408d93bb7adaa3a51dabab9266e82eee8" "fetch" "--manifest-path" "Cargo.toml", kill_on_drop: false }`
[INFO] [stderr]  Downloading crates ...
[INFO] [stderr]   Downloaded base16 v0.1.2
[INFO] [stderr]   Downloaded cryptoxide v0.1.2
[INFO] running `Command { std: "docker" "create" "-v" "/var/lib/crater-agent-workspace/builds/worker-6/target:/opt/rustwide/target:rw,Z" "-v" "/var/lib/crater-agent-workspace/builds/worker-6/source:/opt/rustwide/workdir:ro,Z" "-v" "/var/lib/crater-agent-workspace/cargo-home:/opt/rustwide/cargo-home:ro,Z" "-v" "/var/lib/crater-agent-workspace/rustup-home:/opt/rustwide/rustup-home:ro,Z" "-e" "SOURCE_DIR=/opt/rustwide/workdir" "-e" "CARGO_TARGET_DIR=/opt/rustwide/target" "-e" "CARGO_HOME=/opt/rustwide/cargo-home" "-e" "RUSTUP_HOME=/opt/rustwide/rustup-home" "-w" "/opt/rustwide/workdir" "-m" "1610612736" "--user" "0:0" "--network" "none" "ghcr.io/rust-lang/crates-build-env/linux@sha256:20528e8c29e4536546f0102ce88568b16ea7538393a33fcca951030f7af10457" "/opt/rustwide/cargo-home/bin/cargo" "+881c1ac408d93bb7adaa3a51dabab9266e82eee8" "metadata" "--no-deps" "--format-version=1", kill_on_drop: false }`
[INFO] [stderr] WARNING: Your kernel does not support swap limit capabilities or the cgroup is not mounted. Memory limited without swap.
[INFO] [stdout] 407a27e4141ac9602a24e4a38334653eaaebb657b08b9e37094d8ea2748609cb
[INFO] running `Command { std: "docker" "start" "-a" "407a27e4141ac9602a24e4a38334653eaaebb657b08b9e37094d8ea2748609cb", kill_on_drop: false }`
[INFO] running `Command { std: "docker" "inspect" "407a27e4141ac9602a24e4a38334653eaaebb657b08b9e37094d8ea2748609cb", kill_on_drop: false }`
[INFO] running `Command { std: "docker" "rm" "-f" "407a27e4141ac9602a24e4a38334653eaaebb657b08b9e37094d8ea2748609cb", kill_on_drop: false }`
[INFO] [stdout] 407a27e4141ac9602a24e4a38334653eaaebb657b08b9e37094d8ea2748609cb
[INFO] running `Command { std: "docker" "create" "-v" "/var/lib/crater-agent-workspace/builds/worker-6/target:/opt/rustwide/target:rw,Z" "-v" "/var/lib/crater-agent-workspace/builds/worker-6/source:/opt/rustwide/workdir:ro,Z" "-v" "/var/lib/crater-agent-workspace/cargo-home:/opt/rustwide/cargo-home:ro,Z" "-v" "/var/lib/crater-agent-workspace/rustup-home:/opt/rustwide/rustup-home:ro,Z" "-e" "SOURCE_DIR=/opt/rustwide/workdir" "-e" "CARGO_TARGET_DIR=/opt/rustwide/target" "-e" "CARGO_INCREMENTAL=0" "-e" "RUST_BACKTRACE=full" "-e" "RUSTFLAGS=--cap-lints=forbid" "-e" "CARGO_HOME=/opt/rustwide/cargo-home" "-e" "RUSTUP_HOME=/opt/rustwide/rustup-home" "-w" "/opt/rustwide/workdir" "-m" "1610612736" "--user" "0:0" "--network" "none" "ghcr.io/rust-lang/crates-build-env/linux@sha256:20528e8c29e4536546f0102ce88568b16ea7538393a33fcca951030f7af10457" "/opt/rustwide/cargo-home/bin/cargo" "+881c1ac408d93bb7adaa3a51dabab9266e82eee8" "build" "--frozen" "--message-format=json", kill_on_drop: false }`
[INFO] [stderr] WARNING: Your kernel does not support swap limit capabilities or the cgroup is not mounted. Memory limited without swap.
[INFO] [stdout] 92dbfc324ec8e9e17d9734ff34e2d126fc10a52b0aa27e2c604833179483fbe7
[INFO] running `Command { std: "docker" "start" "-a" "92dbfc324ec8e9e17d9734ff34e2d126fc10a52b0aa27e2c604833179483fbe7", kill_on_drop: false }`
[INFO] [stderr]     Blocking waiting for file lock on package cache
[INFO] [stderr]    Compiling syn v1.0.60
[INFO] [stderr]    Compiling serde v1.0.104
[INFO] [stderr]    Compiling log v0.4.8
[INFO] [stderr]    Compiling ryu v1.0.2
[INFO] [stderr]    Compiling lazy_static v1.4.0
[INFO] [stderr]    Compiling itoa v0.4.4
[INFO] [stderr]    Compiling version_check v0.9.2
[INFO] [stderr]    Compiling autocfg v0.1.7
[INFO] [stderr]    Compiling proc-macro2 v0.4.30
[INFO] [stderr]    Compiling memchr v2.2.1
[INFO] [stderr]    Compiling unicode-xid v0.1.0
[INFO] [stderr]    Compiling smallvec v1.0.0
[INFO] [stderr]    Compiling syn v0.15.44
[INFO] [stderr]    Compiling libc v0.2.66
[INFO] [stderr]    Compiling matches v0.1.8
[INFO] [stderr]    Compiling askama_escape v0.2.0
[INFO] [stderr]    Compiling getrandom v0.1.13
[INFO] [stderr]    Compiling humansize v1.1.0
[INFO] [stderr]    Compiling percent-encoding v2.1.0
[INFO] [stderr]    Compiling cryptoxide v0.1.2
[INFO] [stderr]    Compiling dtoa v0.4.4
[INFO] [stderr]    Compiling base16 v0.1.2
[INFO] [stderr]    Compiling nom v4.2.3
[INFO] [stderr]    Compiling unicode-bidi v0.3.4
[INFO] [stderr]    Compiling unicode-normalization v0.1.11
[INFO] [stderr]    Compiling proc-macro2 v1.0.24
[INFO] [stderr]    Compiling rust-embed-utils v5.1.0
[INFO] [stderr]    Compiling doc-comment v0.3.3
[INFO] [stderr]    Compiling unicase v2.6.0
[INFO] [stderr]    Compiling num-traits v0.2.10
[INFO] [stderr]    Compiling quote v1.0.2
[INFO] [stderr]    Compiling quote v0.6.13
[INFO] [stderr]    Compiling mime_guess v2.0.3
[INFO] [stderr]    Compiling idna v0.2.0
[INFO] [stderr]    Compiling url v2.1.0
[INFO] [stderr]    Compiling keypair v0.1.0 (/opt/rustwide/workdir/keypair)
[INFO] [stderr]    Compiling serde_json v1.0.44
[INFO] [stderr]    Compiling toml v0.4.10
[INFO] [stderr]    Compiling serde_urlencoded v0.6.1
[INFO] [stderr]    Compiling wasm-bindgen-backend v0.2.70
[INFO] [stderr]    Compiling serde_derive v1.0.104
[INFO] [stderr]    Compiling rust-embed-impl v5.9.0
[INFO] [stderr]    Compiling snafu-derive v0.6.10
[INFO] [stderr]    Compiling wasm-bindgen-macro-support v0.2.70
[INFO] [stderr]    Compiling wasm-bindgen-macro v0.2.70
[INFO] [stderr]    Compiling rust-embed v5.9.0
[INFO] [stderr]    Compiling snafu v0.6.10
[INFO] [stderr]    Compiling wasm-bindgen v0.2.70
[INFO] [stderr]    Compiling js-sys v0.3.47
[INFO] [stderr]    Compiling console_error_panic_hook v0.1.6
[INFO] [stderr]    Compiling askama_shared v0.8.0
[INFO] [stderr]    Compiling askama_derive v0.8.0
[INFO] [stderr]    Compiling wasm-bindgen-futures v0.4.5
[INFO] [stderr]    Compiling web-sys v0.3.47
[INFO] [stderr]    Compiling askama v0.8.0
[INFO] [stderr]    Compiling sortasecret v0.1.0 (/opt/rustwide/workdir)
[INFO] [stdout] error[E0583]: file not found for module `secrets`
[INFO] [stdout]  --> src/lib.rs:7:1
[INFO] [stdout]   |
[INFO] [stdout] 7 | mod secrets;
[INFO] [stdout]   | ^^^^^^^^^^^^
[INFO] [stdout]   |
[INFO] [stdout]   = help: to create the module `secrets`, create file "src/secrets.rs" or "src/secrets/mod.rs"
[INFO] [stdout] 
[INFO] [stdout] 
[INFO] [stdout] error[E0425]: cannot find value `RECAPTCHA_SECRET` in module `super::secrets`
[INFO] [stdout]    --> src/server.rs:137:33
[INFO] [stdout]     |
[INFO] [stdout] 137 |         secret: super::secrets::RECAPTCHA_SECRET,
[INFO] [stdout]     |                                 ^^^^^^^^^^^^^^^^ not found in `super::secrets`
[INFO] [stdout] 
[INFO] [stdout] 
[INFO] [stdout] error[E0425]: cannot find value `KEYPAIR` in module `super::secrets`
[INFO] [stdout]    --> src/server.rs:172:46
[INFO] [stdout]     |
[INFO] [stdout] 172 |     keypair::Keypair::decode(super::secrets::KEYPAIR)
[INFO] [stdout]     |                                              ^^^^^^^ not found in `super::secrets`
[INFO] [stdout] 
[INFO] [stdout] 
[INFO] [stdout] error[E0425]: cannot find value `RECAPTCHA_SITE` in module `super::secrets`
[INFO] [stdout]    --> src/server.rs:201:31
[INFO] [stdout]     |
[INFO] [stdout] 201 |         site: super::secrets::RECAPTCHA_SITE,
[INFO] [stdout]     |                               ^^^^^^^^^^^^^^ not found in `super::secrets`
[INFO] [stdout] 
[INFO] [stdout] 
[INFO] [stdout] error: aborting due to 4 previous errors
[INFO] [stdout] 
[INFO] [stdout] 
[INFO] [stdout] Some errors have detailed explanations: E0425, E0583.
[INFO] [stdout] 
[INFO] [stdout] For more information about an error, try `rustc --explain E0425`.
[INFO] [stdout] 
[INFO] [stderr] error: could not compile `sortasecret`
[INFO] [stderr] 
[INFO] [stderr] To learn more, run the command again with --verbose.
[INFO] running `Command { std: "docker" "inspect" "92dbfc324ec8e9e17d9734ff34e2d126fc10a52b0aa27e2c604833179483fbe7", kill_on_drop: false }`
[INFO] running `Command { std: "docker" "rm" "-f" "92dbfc324ec8e9e17d9734ff34e2d126fc10a52b0aa27e2c604833179483fbe7", kill_on_drop: false }`
[INFO] [stdout] 92dbfc324ec8e9e17d9734ff34e2d126fc10a52b0aa27e2c604833179483fbe7
